y**3. What is x(m)?
10
Let z(c) be the first derivative of -c**3/3 + 7*c**2/2 - 4*c - 9887. What is z(2)?
6
Let c(j) = j**3 - 6*j**2 + 5*j - 7. Let b = -4836 + 4841. What is c(b)?
-7
Suppose 4*r + 3*q = 3, -4*r + 3*q + 1 - 4 = 0. Let s = -10 - -21. Let j(l) = s - 6 + l + 13. Calculate j(r).
18
Let z(s) = -4*s**2 + 11*s. Let g(h) = -h**2 - 5*h - 1. Let f(b) = -3*g(b) - z(b). What is f(-3)?
54
Let p(s) = -4*s**2 + 31*s - 34. Let c be p(1). Let x(y) = -y**2 - 11*y - 39. Determine x(c).
-11
Let w(r) = -r**2 - 6*r - 19. Suppose 3*j - 42 = 6*p, 0 = -5*p + 4*j + 16 - 54. Calculate w(p).
-19
Let d(p) = -12*p - 251. Let b be d(-22). Let s(o) = o**2 - 14*o - 3. Give s(b).
-16
Let z(q) = -q**3 + 5*q**2 + 2*q + 8. Let w be z(6). Let j = w - -19. Suppose 0*d - j*y = -d - 8, 0 = y - 4. Let g(i) = -i. Calculate g(d).
-4
Let c(v) = -4 + 499*v + v**2 + 8 - 481*v. What is c(-7)?
-73
Let p(n) be the first derivative of n**3/3 + 15*n**2/2 + 17*n + 51. Let z be p(-14). Let r(u) = -u**2 + 4*u. Give r(z).
3
Let g(o) = -o**2 + 7*o. Let w be g(7). Let y(r) = 10*r + 72. Let b be y(-7). Let c(u) = 6 - 2*u**3 - 3*u**2 + b*u**2 + 3*u**3. Calculate c(w).
6
Let w(q) = -3*q**2 - 2*q + 1. Suppose -t + 774 = 703. Let u = -70 + t. Calculate w(u).
-4
Let a(q) be the first derivative of q**2 + 12*q - 1415. Let n(t) = -t**2 - 6*t - 8. Let p be ((-6)/9)/(1/9). Let s be n(p). What is a(s)?
-4
Let d(h) be the second derivative of h**5/10 - 3*h**4/4 - 5*h**3/6 + 4*h**2 + 364*h. Give d(5).
8
Let d(q) = -62*q - 287. Let f(t) = -95*t - 442. Let o(l) = -8*d(l) + 5*f(l). What is o(-5)?
-19
Let g = -457 - -471. Let h(s) = -3 - 3*s + g*s - 3*s - 4*s - 10*s. What is h(-1)?
3
Let p = -6080 + 6088. Let q(m) = -m**3 + 6*m**2 + 14*m + 18. Calculate q(p).
2
Suppose 1 = -3*w - 5*m, -4*m = 5*w - 3*m + 31. Let q(j) = 15*j**2 + 15*j - 3. Let x(i) = -11*i**2 - 10*i + 1. Let k(h) = -3*q(h) - 4*x(h). Give k(w).
-9
Let q(y) = -y**3 - 3*y**2 + 20*y + 61. Let p be q(-3). Let g(a) = 44*a**2 - 1. Calculate g(p).
43
Let i(n) = -n**3 + 35*n**2 - 265*n + 2. Let v be i(11). Let o(d) = 24*d + 31. Calculate o(v).
-185
Let s be (18/(-8))/(12/(-48)). Let z(h) = 326*h + s - 163*h - 166*h. What is z(7)?
-12
Let t = 688 - 428. Suppose -281 = -7*o - t. Let h(r) = r**2 - 3*r - 4. Determine h(o).
-4
Suppose 3*u = 3*z + 21, -5*u = z + z - 7. Suppose y = 2, -u*y + 7 = -f - y. Let c(o) = -4*o - 16. Give c(f).
-4
Let g be (-27)/(-6)*(-10 + (9 - 1)). Let k(w) = 5*w + 40. Calculate k(g).
-5
Suppose -j + 2*z - 1 = 3, j = -2*z + 4. Let p(q) = -18 - q + 41 + 1 - 12 - 7. Determine p(j).
5
Let z(y) be the first derivative of y**4/4 - 8*y**3/3 - 17*y**2/2 + 174*y + 970. What is z(7)?
6
Let b(p) = 2*p**2 - p - 2. Suppose -28 = -4*s - 3*c, -s - 22*c + 30*c - 28 = 0. Calculate b(s).
26
Let o(f) = -f**2 - 2*f. Let x be o(-1). Let m(v) = -v + 4*v + v - 9*v - v**3 + x - 7*v**2. Let b(w) = w**2 - 8*w - 6. Let a be b(8). Give m(a).
-5
Let q be (-2 - -2)/(1*-1). Suppose -f + 135 = 2*m, -4*m - 22 = -6. Let z(t) = -152*t + 153*t + 131 - f. Give z(q).
-12
Let t(p) = 10*p**2 - 5*p - 6. Let v(b) = -b. Let a(g) = -23*g**2 + 4*g + 11. Let l(r) = -a(r) + 5*v(r). Let u(y) = 6*l(y) - 11*t(y). Calculate u(-1).
27
Let z(c) = -12 + c - 4 + 4*c + 73 + 0*c. Let b be z(-13). Let q(v) = -v**2 - 7*v + 8. Calculate q(b).
0
Suppose -90*t + 1 = -89*t. Let h(g) = -2*g - 1. Let l(c) = c**2 - 16*c - 11. Let r(v) = t*l(v) - 6*h(v). Suppose -n + 7*n = 24. Give r(n).
-5
Let x(g) = g + 6. Let r(b) = -16*b**3 + 3*b**2 - 6*b - 13. Let n be r(-3). Suppose 456*u - 40 = n*u. Determine x(u).
1
Suppose z - 6 = 3*h, -z - 10*h + 5*h = -30. Let g = z + -12. Let u(w) = w - 3 + 0*w + 3*w - 2*w. Determine u(g).
3
Let d be 4/22 - 6052/979. Let v(n) = -n**3 - 2*n**2 + 30*n + 27. What is v(d)?
-9
Suppose 13 = 4*v - 15. Let b(a) = -250*a + 51*a + 7 + 110*a + 43*a + 44*a. Determine b(v).
-7
Let z(y) be the second derivative of -y**4/12 + 5*y**3/3 - 11*y**2 + 1972*y. Determine z(9).
-13
Let j = 1177 - -203. Let l(q) = -693*q**2 - 2 + 2*q + j*q**2 - 688*q**2. Let s(u) = -u**2 - 4*u + 3. Let x be s(-4). Give l(x).
-5
Let v(g) = g**3 - 6*g**2 + g - 5. Let s = -42 - -45. Let f(p) = -16*p - 8. Let a be f(s). Let n be a/(-16)*(-12)/(-7). What is v(n)?
1
Suppose 106*x - 383 = 32*x + 653. Let d(b) = -2 + 3*b - 2*b - 13. What is d(x)?
-1
Let f(u) = 4*u**3 + 8*u**2 - 3*u - 8. Let d(m) = m**2 - m + 1. Let p(x) = -4*d(x) + f(x). Let n(o) = o**3 + o**2 - 4. Let v(i) = 7*n(i) - 2*p(i). What is v(-2)?
4
Let t(p) = -p**3 - 14*p**2 - 20*p - 78. Let w = 15002 - 15015. Calculate t(w).
13
Let h(d) = -d**2 - 1. Let k(l) = -l**3 + 6*l**2 - 8*l + 6. Let n(m) = 2*h(m) - k(m). Let b be 7/(-21) + (-1654)/6. Let f = b + 283. Give n(f).
-1
Let i be (-52)/(-8) - 1/2. Let z(x) = 3*x**3 - 4*x**3 + 2*x**2 + 2*x + i*x**2 + 6 - 3*x. Suppose 2 = 2*u - 14. Determine z(u).
-2
Suppose 3*n + 3*a - 8 = 13, 3*n - 1 = a. Let x(s) = -1 - 2*s + 272*s**3 - 539*s**3 - n*s**2 + 265*s**3. Give x(-1).
1
Let q = 5 - 0. Let c(g) = -64*g**3 + 2 + 181*g**3 + g - 116*g**3 - 6*g**2. What is c(q)?
-18
Let w be (1 - 0)/(-1) - -7. Let d(o) = o - 4. Let v(c) = c - 6. Let g(m) = -3*d(m) + 2*v(m). Let x(s) = 4*s + 4. Let j(y) = -5*g(y) - x(y). What is j(w)?
2
Let j(c) = c**3 + 7*c**2 + 6*c. Let a(f) = -11*f - 103. Let l = 56 - 65. Let w be a(l). What is j(w)?
24
Suppose 9*f = 6*f + 12. Suppose 0 = -4*j - f*v + 84, 5*j + 4*v = 117 - 13. Let n be j/(-20)*3*1. Let z(g) = -g**2 - 3*g - 1. Calculate z(n).
-1
Let l(c) = -2*c**3 - 2*c**2 + c. Suppose 1330 = -7*f - 0*f. Let t = 191 + f. What is l(t)?
-3
Let y(b) = -b - 1. Let x be (2*6)/((-10)/5). Let c(w) = 2*w + 8. Let a be c(-3). Let t be x - 3/(1 + a). Calculate y(t).
6
Let k(b) = -b - 1. Let t(f) = -6*f - 10. Let o(w) = 20*k(w) - 2*t(w). Let h(u) = -u**3 - 3*u**2 + 10*u - 2. Let s be h(-5). Give o(s).
16
Let u be 1/6*9 - 3/(-30)*-95. Let n(t) = -t**2 - 9*t - 6. Determine n(u).
2
Let p be -2 + 0 - (-5 + 53). Suppose -243*k + 231*k + 588 = 0. Let b = k + p. Let c(l) = 20*l**3 + l + 1. Determine c(b).
-20
Let m(j) = 42*j - 293 + j**2 + 48*j - 151*j + 18*j. Give m(-6).
1
Suppose 5*s - 55 = -335*v + 330*v, 2*s = v + 19. Let k(m) = m**3 - 9*m**2 - 12*m + 12. What is k(s)?
-8
Let h = -51 - -53. Let a(s) = 8*s - 6*s + 5*s**h - 9*s**2 + 5 + 7*s**2. Let f(r) = -r**2 - 1. Let b(p) = -a(p) - 2*f(p). Give b(-3).
-6
Let w(s) = 19*s - 2239 - s**3 + 1164 + 15*s**2 + 1059. Calculate w(16).
32
Let r(d) be the third derivative of -d**5/60 - 7*d**4/12 - 7*d**3/2 - 7554*d**2. Calculate r(-9).
24
Let w(q) be the second derivative of -q**5/4 + q**4/6 + q**3/6 - 2*q. Suppose -3677*m - 3*u - 10 = -3673*m, -8 = 2*m + 3*u. What is w(m)?
6
Let h(q) = 6*q**2 + 109*q - 2. Suppose -2*z - 3*s = 21, 4*s = -4*z + 5*z + 38. Calculate h(z).
-20
Let m(x) = 2*x**2 - 68*x - 16. Let d be (36 - (1 - 2)) + -15 + 12. What is m(d)?
-16
Let y be (-3)/(-5 - 8/(-2)). Let d(o) = -y*o**3 + 2*o**3 + 11*o + 9 + 12*o**2 - 2 - 2*o**2. What is d(11)?
7
Let b(l) = -14*l + 6. Let k(p) = -11*p + 8. Let v(j) = 10*j - 7. Let w(n) = 5*k(n) + 6*v(n). Let o(d) = -6*b(d) - 17*w(d). Calculate o(-8).
6
Let k(y) = 0 - 4*y + 1 + 1. Let r = 694 + -456. Suppose 2 = 239*h - r*h. Determine k(h).
-6
Let b(x) = -5*x - 156. Let s(z) = 16*z + 520. Let i(c) = -7*b(c) - 2*s(c). Calculate i(-14).
10
Let q(b) be the third derivative of 11*b**6/120 + b**5/30 + b**4/8 + b**3/3 + 38*b**2 - 6*b. Calculate q(-2).
-84
Suppose 24*s = -35*s - 1003. Let h(n) = 2*n + 28. What is h(s)?
-6
Let i(j) = -99*j - 94. Let g(w) = -17*w - 15. Let m(o) = 35*g(o) - 6*i(o). Determine m(-8).
47
Let q(l) = l**3 + 3*l**2 + 8*l + 33. Suppose -3*i = -k - 0*i - 9, -k - 4*i + 5 = 0. Calculate q(k).
9
Suppose 29*v - 56 = 21*v. Let i(l) = 4*l - v*l + 0*l - 266 + 261. Suppose 4 = 4*t + 24. Determine i(t).
10
Suppose 44 = -4*k + 76. Let m(c) = 2*c + 2*c + k - 16*c + 6*c + 10*c. Calculate m(4).
24
Let v(j) = 2*j**3 - 6*j**2 + 6*j - 14. Let o be v(3). Let i(w) = -w**2 - w + 7. Let y(g) = -2*g**2 - 3*g + 15. Let d(r) = -9*i(r) + 4*y(r). Calculate d(o).
1
Let x(o) = 4*o + 8. Let t(s) = -8*s - 17. Let f(m) = 6*t(m) + 13*x(m). Let r(d) = -27*d**2 + 5*d + 7. Let a be r(-2). Let v = -113 - a. What is f(v)?
-6
Let p(i) = 12*i + 124. Let r = 26857 - 26866. What is p(r)?
16
Let v(d) be the third derivative of -1/6*d**3